8 - -440. Let n be f/(-84) + 2/(-6). Let k(h) = h**2 + 5*h + 4. Give k(n).
4
Suppose -20*n = -17*n - 6. Suppose -n*u + 8 = 2*i, -u + 17 - 4 = 4*i. Let o(s) be the second derivative of -s**5/20 + s**4/4 - 3*s**2/2 - 2*s. Give o(i).
-3
Suppose -15 = -5*x, 3*v - 8 = -2*x + 1. Let p(u) = -6*u**3 - 4*u**2 + 4*u - 1. Let z be p(v). Let t = z - 0. Let a(c) = -c**3 - 7*c**2 + c + 10. Calculate a(t).
3
Let z(i) = 25*i + 59. Let l be 8/(32/(-36))*12/36. Give z(l).
-16
Let f be 4 - (1 + -2 - -1). Let i(u) = 19*u**2 + 4*u - 7. Let v(d) = 16*d**2 + 3*d - 5. Let y(z) = -5*i(z) + 6*v(z). Give y(f).
13
Suppose -34 = 15*f - 124. Suppose -f*r + 8*r = -12. Let v(j) = -j**3 - 7*j**2 - 3*j + 1. Give v(r).
-17
Let v(i) = -15*i + 2. Let j be v(0). Let h(q) = -5*q**3 + 85*q + 2*q**j - 79*q + 2*q**2 + 4*q**3 - 2. What is h(5)?
3
Let n(z) be the third derivative of z**5/60 + 5*z**4/4 - 11*z**3/6 - 3207*z**2. What is n(-30)?
-11
Let n(o) = 15*o - 2. Suppose -21 = 15*a - 96. Suppose 2*u + a*d = 22, 0 = 5*u + 5*d - 4 - 21. Give n(u).
13
Let s(h) = -h - 4*h**2 - 3 + 0*h**3 - h**3 + 1. Let p(v) = 136*v + 5437. Let l be p(-40). Determine s(l).
-8
Let v(o) = 7*o**2 + 154*o + 9. Let s(b) = -16*b**2 - 289*b - 20. Let k(w) = -2*s(w) - 5*v(w). Calculate k(-64).
-5
Let v be (-88)/(-48) + (-2)/(-12). Let f(s) = -3 + 3*s**v - 4 - 7*s + 13 - 2. Give f(4).
24
Let y be (-5 - -4) + 0 + 1 + 0. Let i be (y - -6)*(-3)/(-9). Let t be (-7 - -1)*1 + 8/i. Let a(s) = s**2 + 2*s + 1. Give a(t).
1
Let j(p) = -631 - 27*p + 565 + 10*p - p**2. Give j(-10).
4
Suppose 0 = -15*u + 5774 - 5729. Let i(w) = 8*w - 49. Calculate i(u).
-25
Suppose -3*o = 73 - 70. Let p be o/(6/3*2/(-28)). Let f(q) = q**2 - 5*q - 8. Calculate f(p).
6
Let m(t) = 3*t**2 + 67*t - 1508. Let b be m(14). Let g(z) = -z**2 + 14*z + 56. Determine g(b).
-16
Let f(u) = 2*u**3 + 59*u**2 - 34*u - 116. Suppose -1411 + 5 = 64*r + 514. Give f(r).
4
Let t(a) = -a**3 - 9*a**2 - 3*a + 32. Let z = 1486 + -1494. Give t(z).
-8
Let k be 9 - ((1 - 11) + (121 - 115)). Let p(s) = -12*s + 149. Determine p(k).
-7
Let k(b) be the third derivative of -1/6*b**4 + b**2 + 0*b - 7 + 4/3*b**3. Determine k(3).
-4
Let q(r) = -r**3 + 11*r**2 + 19*r - 1. Let p(h) = h**3 - 12*h**2 - 22*h + 2. Let d = -71 - -76. Let u(c) = d*q(c) + 4*p(c). Calculate u(8).
-5
Let g(c) = c**2 - 9*c + 7. Let u be 1414/(-175) + 8 + 2/25. Give g(u).
7
Let q be -2 - 74 - 18/(-3). Let u be (-6)/(-18) + 400/6. Let h = u + q. Let c(l) = l**3 + 3*l**2 + l - 2. What is c(h)?
-5
Let p(w) = -w**3 + 3*w**2 + 3*w - 3. Suppose 3*k - 4*k + 3*b + 2 = 0, 0 = -5*k + 3*b - 2. Let d be 15/(-9) + k/3. Let s be (3/d)/(7/(-14)). Give p(s).
6
Let s(b) = b**2 - 12*b. Let f be s(12). Let l(w) = 19*w - 9 - 9*w - 9*w + f*w. Let r(c) = c**3 + 9*c**2 + 7*c - 2. Let p be r(-8). Give l(p).
-3
Let x(n) = 2*n**2 - 12*n - 49. Let g be (45/2)/(-9) + 115/10. Calculate x(g).
5
Let a(p) be the second derivative of -1 - 5/6*p**3 + 45*p + 0*p**2. What is a(-1)?
5
Suppose 7*j = -2266 + 2224. Let z(d) = d**2 + 14*d + 64. Determine z(j).
16
Let r = -50 + 59. Let w be (-24)/r*15/10. Let o(y) = 3*y**2 + 3*y + 1. Determine o(w).
37
Let w = -5 - -15. Let f(v) = 64 + 662*v - v**2 - 651*v - 65. Calculate f(w).
9
Let j be (-12)/1*(46/69 - 1). Let q(l) = -3*l**2 + 10*l + 11. Give q(j).
3
Let b(q) be the second derivative of -q**4/12 + q**3/2 + q**2/2 - 242*q. Suppose -20 = -j - 4*j + 5*z, 0 = -4*j + 2*z + 12. Calculate b(j).
3
Let y(z) = -27*z**2 + 42*z - 52. Let o(q) = -11*q**2 + 21*q - 25. Let c(f) = 5*o(f) - 2*y(f). Give c(16).
59
Let v(p) = -p**2 + 27*p - 88. Let o(y) = 5*y - 406. Let l be o(82). Give v(l).
4
Let o(a) = -a + 1. Let z(h) = -4 + h - 2 - 10. Suppose 49*g + 2*t - 32 = 45*g, t + 4 = 0. Let v be z(g). Give o(v).
7
Let m(f) = -f**3. Let o(b) = -3*b**3 - 4*b**2 - 2*b - 15. Let t(i) = -4*m(i) + o(i). Let p be t(5). Let y(z) = -z**2 + z - 15. Give y(p).
-15
Let t(l) = 9*l + 9*l - 34 - 28 - 28 + 92. Determine t(-1).
-16
Let k(w) = -w**3 + 6*w**2 + 9*w - 8. Let m be k(7). Let t(r) = -43 - 43 + 135 + m*r - 46. Let a = -64 + 62. What is t(a)?
-9
Let z(y) be the third derivative of y**4/6 - 5*y**3 - 252*y**2 + y. Determine z(9).
6
Let g(h) = h - 14480 + 7240 + 7274. Calculate g(-21).
13
Let s(a) be the third derivative of -a**8/20160 - a**7/630 - a**6/240 + 23*a**5/20 - 2*a**2 + 54. Let x(t) be the third derivative of s(t). Determine x(-6).
9
Let k = -477 + 471. Let h(b) = -b**3 - 7*b**2 - 5*b + 16. Let q be h(k). Let f(a) = -a**2 + 9*a + 6. Determine f(q).
-4
Let g(r) = -3*r**3 - r**2 - 2*r - 3. Suppose -n - 7 = 3*j, -3*n - 14 = -6*n - 2*j. Let q be n/(-16) - (-3)/(-2). Give g(q).
21
Let f = -11474 - -11518. Let u(n) = n**3 - 45*n**2 + 40*n + 175. What is u(f)?
-1
Let d = -11295 + 11276. Let u(s) = -s**3 - 20*s**2 - 25*s - 110. What is u(d)?
4
Let o(d) = 2*d + 2. Let b(t) = -17 + 6 + 12 + t. Let k(z) = 15*b(z) - 6*o(z). Suppose 2*q + 16 = -2*a, 5*a + 16 = 2*q + 4. Calculate k(q).
-9
Let x(n) = 27599 + n**2 - 55240 + 27614 + 4*n. What is x(-7)?
-6
Let u(m) = -44*m + 186. Let h(s) = -197*s + 840. Let f(l) = -5*h(l) + 22*u(l). Calculate f(5).
-23
Suppose 0 = 4*k - 2*f + 5*f + 22, 5*f - 10 = 5*k. Let m be k/6*(-387)/(-43). Let o(t) be the third derivative of t**4/24 + 2*t**3/3 + 6*t**2. Give o(m).
-2
Let j(i) = -i + 0*i**2 + 0*i + 93 - i**2 - 2*i - 54. Calculate j(5).
-1
Let w(i) be the second derivative of i**4/12 + 11*i**3/6 + i**2 + 2*i + 147. Determine w(-12).
14
Let i(l) = -15*l + 105. Let f(j) = 2*j**2 + 29*j - 59. Let s be f(2). Calculate i(s).
0
Let m(z) = z**3 + 4*z**2 - 4*z - 1. Let g = -48 + 49. Let r be (g + (-15)/21)*-14. Determine m(r).
15
Let m(d) be the second derivative of -4*d + 0 + 1/20*d**5 - 1/3*d**4 - 1/2*d**3 - 3/2*d**2. Suppose 337 = -o + 342. Determine m(o).
7
Let c(h) = 15. Let k(a) = 3*a + 85. Let m(v) = -5*c(v) + k(v). Determine m(4).
22
Suppose -4*m + 36 = 4*c, -m + 2*m = 5*c - 45. Let a(x) = c*x**3 - 6*x**2 - 9 - 5*x**3 - 3*x**3 + 5*x - 4*x. Determine a(6).
-3
Let r(u) = -51 + 4*u**2 + 55 + 0*u**2 - 6*u**2 + 2*u. Suppose 178 = -5*t + 3*y, -5*t = -5*y + 171 - 1. Let l = t + 41. Determine r(l).
-8
Let a(q) = -q + 17. Let u = 38 - 32. Suppose 145 - 199 = -u*t. Calculate a(t).
8
Let f(g) = -46*g - 1 + 122*g - 36*g - 38*g + 11*g**2 - g**2. Let z(b) = b + 5. Let h be z(-4). Give f(h).
11
Let x(k) = 13*k + 86. Let o(y) = -23*y - 180. Let a(m) = 4*o(m) + 7*x(m). What is a(0)?
-118
Suppose i = 2*i + 3. Let n(q) be the second derivative of q**5/20 + q**4/3 + 2*q**3/3 + q**2/2 - 5*q + 20. What is n(i)?
-2
Let r(q) = -q**3 - q + 12. Let i = 77 - 77. Let k be r(i). Let m be ((-6)/(-8))/1*k. Let z(v) = v**3 - 9*v**2 + v - 6. Calculate z(m).
3
Let x(k) = k**2 + 5*k - 22. Let n(l) = 2*l**2 + 47*l - 327. Let p be n(-29). Determine x(p).
2
Let q(k) = 2*k**2 - k. Let m(g) = 11*g**2 - 4*g - 3. Let t(c) = -m(c) + 5*q(c). Determine t(-3).
-3
Let r(k) = k**2 - 20*k - 63. Let a be ((-24)/44)/((-6)/(-33)). Give r(a).
6
Suppose 0 = 21*k + 24*k - 73*k + 27*k. Let s(i) = -i**3 - i - 78. What is s(k)?
-78
Suppose 83*y - 89*y + 6 = 0. Let b(r) = -r + 1 + 2 + 0 + y - 5. Determine b(7).
-8
Let m(o) = -34*o + 93*o - 21 - 8 - 26*o - 28*o. What is m(5)?
-4
Let d(i) = i**2 - 9*i. Let z be d(9). Let x(q) be the first derivative of -q**4/4 + q**2/2 - 21*q + 987. What is x(z)?
-21
Let k(s) = s. Let i(b) be the third derivative of 5*b**4/12 + 7*b**3/3 - 4*b**2 + 3. Let d be i(-2). Determine k(d).
-6
Let z = -97 + 102. Let n(s) = -430 + 436 + s - 5*s. What is n(z)?
-14
Suppose 44*z - 216 = -28*z. Let i be (11 + -9)/2 - (1 + z). Let x(g) be the first derivative of g**4/4 + g**3 - g + 1. What is x(i)?
-1
Suppose 10 = 5*g + 2*h - 5, 0 = -4*g + h + 25. Let p be 3/(g/(100/6)). Let m be ((-4)/3)/(p/(-15) + 0). Let k(c) = c**3 + c**2 - c + 1. Calculate k(m).
11
Let d(q) = -q**2 - q + 17. Suppose -11*g - 54 - 34 = 0. Let r = g + 13. Suppose -5*b = -x - 5, -r*b + 2*x = -3*b - 10. Calculate d(b).
17
Let i(y) = -315*y - 306*y + 620*y - 1. Let g = -15 + 24. Let q be -1*g*8/12. Calculate i(q).
5
Suppose -4*f = w - 1, 4*w = -4*f + 20 - 4. Let p(m) be the third derivative of m**6/120 - m**5/10 + m**4/24 + m**3/3 - m**2 + 51. Determine p(w).
-18
Let z = -13958 + 13965. Let r(l) = l**3 - 10*l**2 + 9*l - 20. Calculate r(z).
-104
Let v(b) = 2*b**3 + 5*b**2 